*3 - 363*y**2 + 146*y + 44. What is the remainder when k(-73) is divided by 12?
8
Let c(z) be the first derivative of z**3 + 2*z**2 - 19. Let t be 1/(((-12)/9)/4). Calculate the remainder when c(t) is divided by 9.
6
Suppose 2*y - 70 = 5*o, -16*y + 14*y = -4*o - 74. Calculate the remainder when 1707 is divided by y.
42
Let c(a) = -a**3 + 4*a**2 - 3*a - 1. Let k be c(3). Suppose 2*t = r - 7, 4*t - 2*t + 2*r = 2. What is the remainder when (k - (t - -5))*-5 is divided by 7?
6
Let x be (2/(-2))/((-17)/68). Suppose 4*u - x = 20. Let t(g) = 3*g**2 - g - 1. What is the remainder when t(3) is divided by u?
5
Suppose -15*c + 324 = -9*c. Let u = -20 + c. What is the remainder when u is divided by 18?
16
Let i = 101 + -57. Let t(n) = -n**3 + 28*n**2 + 29*n + 16. Let x = -125 + 154. What is the remainder when i is divided by t(x)?
12
Let h = 12 + -20. Calculate the remainder when 4 is divided by h/18*36/(-8).
0
Suppose r + 3*j + j = -21, 0 = 4*r - 4*j + 4. Let b = r + 129. Suppose 4*i - b = -2*n, i = 5*n - 0*n - 266. Calculate the remainder when n is divided by 15.
9
Calculate the remainder when 33 is divided by 52*(1/2 - 0).
7
What is the remainder when 139 is divided by (-2)/14 + 5198/322?
11
Let p(j) = -j**2 - j + 1. Let v(c) = -c**3 - 6*c**2 + 5*c + 1. Let i(f) = 2*p(f) - v(f). Calculate the remainder when i(-5) is divided by 2.
1
Suppose 10*h - 237 = 153. What is the remainder when 310 is divided by h?
37
Suppose 0 = 87*p - 8697 - 8877. Calculate the remainder when p is divided by 12.
10
Suppose -3*t = -4*t + 3*t. Suppose -3*b + 3*y - 16 = -64, -y = t. Calculate the remainder when 61 is divided by b.
13
Let p(u) be the first derivative of -9*u**2/2 + 13. What is the remainder when p(-4) is divided by 13?
10
Suppose -5*l + 0*l + 50 = 0. Suppose -l = k - 27. Calculate the remainder when 47 is divided by k.
13
Let p(s) = s**3 + 2*s**2 + 5*s + 9. Let f(o) = 3*o**3 + 7*o**2 + 14*o + 26. Let g(h) = 6*f(h) - 17*p(h). Calculate the remainder when 65 is divided by g(-8).
10
Let g(q) = -q**3 + 7*q**2 + 5*q - 2. Let u = -23 - -30. What is the remainder when 130 is divided by g(u)?
31
Suppose -2*f = 3*f. Suppose f = -4*q - 1 + 85. Calculate the remainder when 61 is divided by q.
19
Let i(x) = -x**3 - 25*x**2 + 46*x + 53. What is the remainder when i(-27) is divided by 30?
29
Let k be 1 - -3 - (8 + -6). Suppose -i + 14 = -k*f, -5*i + 93 = -3*f + 30. What is the remainder when 71 is divided by i?
11
Let m(o) = 132*o + 1. What is the remainder when m(3) is divided by 16?
13
Let w(k) = 19*k**3 - 2*k**2 + 4*k - 3. What is the remainder when 49 is divided by w(1)?
13
What is the remainder when 58 is divided by ((-204)/(-119))/(2/21)?
4
Let f(m) = m**3 + 2*m**2 - 2*m - 1. Suppose y + 2*i - 26 = -3*y, i = 3*y - 7. Calculate the remainder when f(2) is divided by y.
3
Let s be (-9)/(-3) + 15 - -1. Let n = 2 - 2. Suppose -g + s = -n*g. Calculate the remainder when g is divided by 11.
8
Calculate the remainder when 185 - (1/(1/(-5)) + 1) is divided by 96.
93
Let f be ((-1)/(-3))/(428/(-72) + 6). Let o(c) = 4*c - 3. Let m be o(2). Suppose -l + f = -m. Calculate the remainder when l is divided by 4.
3
Suppose 3 + 1 = 2*x. Suppose -3*f = 3, 6 + 7 = x*s - 5*f. Calculate the remainder when -1*(-2 + s) - -25 is divided by 7.
2
Let o(n) = -n**3 + 23*n**2 + 26*n - 29. Calculate the remainder when 68 is divided by o(24).
11
Let t be 4 - (0 - -4) - 31. Let g be t*(7 + 1 + -5). Calculate the remainder when 2*(3 - g/6) is divided by 14.
9
Suppose -255 = -8*b - 7*b. Suppose 1023 + 14 = b*d. What is the remainder when d is divided by 21?
19
Suppose 5*g - 610 = 13*z - 18*z, -3*g = -2*z - 381. Calculate the remainder when g is divided by 71.
54
Suppose 2*j - k + 5*k - 408 = 0, j = -5*k + 201. What is the remainder when j is divided by 69?
68
Calculate the remainder when (-7)/(-7) - 50/(-5) is divided by 6.
5
Let p(j) = 10*j - 112. What is the remainder when 155 is divided by p(16)?
11
Suppose -y = 2, 5*y + 8 = -2*l - 28. Let n = l - -49. Let g = 8 + 5. Calculate the remainder when n is divided by g.
10
Let l(s) = s + 2. Let b be l(-8). Let d = -17 - -35. What is the remainder when (-153)/b*(-24)/(-9) is divided by d?
14
Calculate the remainder when (-77952)/(-1440) - -4*(-2)/60 is divided by 24.
6
Suppose 9*k + 2*q = 4*k + 875, 0 = -5*k + 4*q + 845. What is the remainder when k is divided by (-6)/27 + (-3632)/(-144)?
23
What is the remainder when (-4)/(-6)*115080/80 is divided by 21?
14
What is the remainder when (76 - 46)*(-27)/(-6) is divided by 5?
0
Let l = -16 + 27. Suppose 0 = 8*c - l*c. Suppose -h + 3*n + 9 = c, -h - n = -19 - 2. What is the remainder when 34 is divided by h?
16
Let b be 85/25 + 4/(-10). Suppose -2*k + 28 = -3*i + i, 0 = 4*k - b*i - 53. Calculate the remainder when 3/((-9)/6) + 32 is divided by k.
8
Suppose -c + 16 = 3*g, 6*c + 12 = 5*g + 4*c. Calculate the remainder when 11 is divided by g.
3
Calculate the remainder when 17 is divided by 2/6*(197 + 7)/4.
0
Let s(a) = -47*a - 7. Let n be s(-5). Let h = -138 + n. Suppose b - h = -4*b. What is the remainder when b is divided by 10?
8
Let q(n) = n**3 + n**2 + n + 2. Let k be q(0). Suppose k*o - 4*y = 0, 3*y - 8 = y. Calculate the remainder when 28 is divided by o.
4
Let y = 8 + -8. Suppose y = -3*f - 0 + 6. Suppose 0*t - 44 = -f*t. What is the remainder when 86 is divided by t?
20
Let s = -1 + 3. Suppose 5*b - 4*c + s + 8 = 0, -8 = 4*b + c. Calculate the remainder when (1/b)/((-14)/1848) is divided by 23.
20
Suppose -26*b + 12241 = -1591. Calculate the remainder when b is divided by 89.
87
Suppose -637*q + 628*q + 108 = 0. Calculate the remainder when 21 is divided by q.
9
Suppose -5*g + 4*g - 44 = 0. Calculate the remainder when 26 is divided by g/(-6) - 4/12.
5
Suppose -j + 42 = -s, 4*j - 2*s + 4 = 176. Calculate the remainder when j is divided by 7.
2
Let a be 5*((-18)/15)/3. Calculate the remainder when 26 is divided by 112/7 + (a - (-2 - -2)).
12
Let n = -13 - -13. Suppose -4*u + 5*f + 56 = 0, 0 = 4*u + 2*f - n*f - 28. Calculate the remainder when u is divided by 5.
4
What is the remainder when 37 is divided by 5 + -6 + (-110)/(-5)?
16
Suppose 0 = -i - 0*i + 4*q - 7, -5*i = -4*q - 29. What is the remainder when 26 is divided by i?
8
Let l(b) = 16*b + 78. Calculate the remainder when 116 is divided by l(-3).
26
Suppose 128*q = 130*q - 24. Calculate the remainder when 74 is divided by (-4 + (-292)/(-16))/(q/16).
17
Let p = -396 + 409. What is the remainder when 61 is divided by p?
9
Let d be 1*((-18)/(-15))/(2/(-5)). What is the remainder when 123 is divided by (42/(-9))/((-5)/d - 2)?
11
Let z(k) = -22*k - 258. Calculate the remainder when 112 is divided by z(-12).
4
Suppose 0 = -0*o + 3*o + r - 11, -7 = -3*o + r. Suppose o*i - 80 = -2*i. Let m = 427 - 421. Calculate the remainder when i is divided by m.
4
Suppose 3*s = -3*t + 435, 5*t - 4*s - 7 = 727. Suppose 3*h - 286 = -5*b, -5*h = b - 316 - t. Calculate the remainder when h is divided by 32.
28
Let v = 493 + -363. Calculate the remainder when v is divided by 24.
10
Suppose -25*z + 22*z = 0. Suppose -i + 10 = -f, 3*f - 22 = -i - 0*f. Calculate the remainder when ((-2)/(-6))/1*(75 - z) is divided by i.
12
Let p = -835 + 911. Calculate the remainder when p is divided by 40.
36
Suppose -4*u + 158 = -646. Suppose -4*k = 5*r - u, 4*r = 4*k + 2*r - 222. What is the remainder when k is divided by 19?
16
Let h(q) = -36*q - 258. Calculate the remainder when h(-11) is divided by 28.
26
Suppose 3*g = 0, -3*m + 2*m = -g + 10. Let c = -5 - m. Suppose -4*z + 5*y = -116 + 21, -y = -c*z + 103. What is the remainder when z is divided by 11?
9
Let t(r) = 2*r - 4. Let o be t(3). Let z(h) = -3*h**2 + 10*h - 13 - 4*h**o - 2*h**3 + h**3. Calculate the remainder when z(-9) is divided by 20.
19
Suppose 3*g - 58 = -o, 4*o + 4*g = g + 259. Calculate the remainder when 870 is divided by o.
66
Suppose -f + 42 = -3*o + 4*o, -5*o + 3*f + 170 = 0. Let s = 25 - o. Let t(d) = d**2 + 9*d - 14. Calculate the remainder when t(s) is divided by 12.
10
Let b = -17 - -10. Let k(d) = -4*d - 7. Let x(q) = -5*q - 22. Calculate the remainder when k(b) is divided by x(-6).
5
Let u = -28 + 103. Suppose -2*r - 14 = -4. What is the remainder when u is divided by (-14 + 1)/(r/10)?
23
Let t be 1524/(-30) + 